
What are the prime factors of 566322316?
2, 7, 3559, 5683
What are the prime factors of 18699561?
3, 47, 44207
List the prime factors of 1514371924.
2, 13, 29122537
What are the prime factors of 3230252468?
2, 3637, 222041
List the prime factors of 3547930021.
19, 23, 427307
What are the prime factors of 122580803?
1459, 84017
List the prime factors of 7494095529.
3, 832677281
What are the prime factors of 18572085?
3, 5, 7, 6551
What are the prime factors of 826695633?
3, 8623, 31957
What are the prime factors of 44740483?
44740483
List the prime factors of 56773172.
2, 149, 95257
What are the prime factors of 15810882?
2, 3, 313, 8419
What are the prime factors of 203938598?
2, 37, 719, 3833
What are the prime factors of 30346699?
30346699
List the prime factors of 154442710.
2, 5, 15444271
What are the prime factors of 20723475?
3, 5, 47, 5879
List the prime factors of 32387013.
3, 23, 52153
What are the prime factors of 17878587?
3, 29, 89, 2309
List the prime factors of 28177998.
2, 3, 127, 36979
List the prime factors of 2788579632.
2, 3, 17, 3417377
What are the prime factors of 399968111?
399968111
What are the prime factors of 1549565022?
2, 3, 258260837
List the prime factors of 64769916.
2, 3, 5397493
List the prime factors of 2100685145.
5, 13, 1409, 22937
What are the prime factors of 5895857195?
5, 41, 3559, 8081
List the prime factors of 4314195878.
2, 2157097939
List the prime factors of 42074419.
1447, 29077
List the prime factors of 1067264163.
3, 7, 16940701
List the prime factors of 238542815.
5, 7, 19, 358711
List the prime factors of 856195799.
37, 23140427
What are the prime factors of 517259?
17, 30427
List the prime factors of 59713759.
7, 8530537
What are the prime factors of 1176331763?
71, 157, 105529
What are the prime factors of 512770?
2, 5, 47, 1091
What are the prime factors of 424707698?
2, 47, 787, 5741
What are the prime factors of 122202880?
2, 5, 95471
List the prime factors of 3581503854.
2, 3, 5387, 110807
List the prime factors of 2642836748.
2, 181, 3650327
List the prime factors of 7247020147.
19, 313, 1218601
What are the prime factors of 464733875?
5, 37, 100483
List the prime factors of 11141075.
5, 11, 29, 127
List the prime factors of 20316885.
3, 5, 37, 36607
What are the prime factors of 20609014?
2, 10304507
List the prime factors of 2144437810.
2, 5, 419, 577, 887
List the prime factors of 5341962104.
2, 1381, 483523
What are the prime factors of 22418449?
1123, 19963
List the prime factors of 885632147.
89, 1783, 5581
What are the prime factors of 6901546997?
691, 2153, 4639
What are the prime factors of 357411432?
2, 3, 7, 19, 41, 2731
List the prime factors of 105513405.
3, 5, 1319, 5333
What are the prime factors of 185675870?
2, 5, 17, 277, 3943
What are the prime factors of 107067176?
2, 919, 14563
List the prime factors of 179740578.
2, 3, 29956763
List the prime factors of 1966187457.
3, 13, 113, 127, 1171
What are the prime factors of 123791836?
2, 7, 29, 751
List the prime factors of 30714467.
7, 197, 22273
What are the prime factors of 20164762?
2, 691, 14591
What are the prime factors of 1489711367?
1489711367
List the prime factors of 2867877151.
15749, 182099
What are the prime factors of 101335214?
2, 59, 223, 3851
What are the prime factors of 64116543?
3, 21372181
What are the prime factors of 15288607?
43, 355549
What are the prime factors of 209742214?
2, 11, 9533737
List the prime factors of 2046847779.
3, 157, 482861
What are the prime factors of 298540494?
2, 3, 7, 37, 64037
What are the prime factors of 83007526?
2, 7, 197, 30097
List the prime factors of 301755192.
2, 3, 337, 37309
List the prime factors of 164534834.
2, 59, 89, 15667
What are the prime factors of 324692364?
2, 3, 821, 32957
List the prime factors of 767728360.
2, 5, 7, 2741887
List the prime factors of 67181096.
2, 659, 12743
List the prime factors of 2057360497.
8951, 229847
List the prime factors of 63378595.
5, 7, 37, 109, 449
What are the prime factors of 3083695977?
3, 17, 41, 443, 3329
List the prime factors of 3865028675.
5, 23, 6721789
What are the prime factors of 32767118?
2, 41, 43, 9293
List the prime factors of 1236244840.
2, 5, 43, 718747
What are the prime factors of 481780176?
2, 3, 31, 41, 53, 149
List the prime factors of 1364023736.
2, 661, 257947
List the prime factors of 9040567.
9040567
What are the prime factors of 148963483?
89, 1673747
List the prime factors of 6686240.
2, 5, 11, 29, 131
What are the prime factors of 317180310?
2, 3, 5, 10572677
List the prime factors of 2024577615.
3, 5, 134971841
List the prime factors of 37292578.
2, 18646289
What are the prime factors of 59733048?
2, 3, 2488877
What are the prime factors of 96088390?
2, 5, 2153, 4463
List the prime factors of 276462717.
3, 2273, 40543
List the prime factors of 530986661.
43, 113, 109279
List the prime factors of 1285100878.
2, 829, 775091
What are the prime factors of 2454571381?
47, 52224923
List the prime factors of 15824127.
3, 11, 17, 67, 421
List the prime factors of 180130456.
2, 11, 2046937
List the prime factors of 529243107.
3, 53, 3328573
What are the prime factors of 356369169?
3, 13, 2081, 4391
List the prime factors of 305361599.
17, 17962447
List the prime factors of 153986295.
3, 5, 10265753
What are the prime factors of 5557546729?
7, 113419321
List the prime factors of 155275491.
3, 7, 227, 32573
What are the prime factors of 3059442693?
3, 339938077
What are the prime factors of 207784703?
7, 19, 1562291
What are the prime factors of 96468851?
53, 277, 6571
List the prime factors of 432325232.
2, 17, 1589431
What are the prime factors of 88351178?
2, 19, 31, 179, 419
List the prime factors of 435676079.
2081, 209359
What are the prime factors of 689915493?
3, 191, 401347
What are the prime factors of 149062992?
2, 3, 13, 238883
What are the prime factors of 13370191?
191, 70001
List the prime factors of 3332615338.
2, 13, 761, 168433
List the prime factors of 896682.
2, 3, 17, 59, 149
What are the prime factors of 265786703?
7, 13, 743, 3931
List the prime factors of 934593177.
3, 7, 31, 1435627
List the prime factors of 1030035817.
229, 4497973
List the prime factors of 130848753.
3, 7, 41, 83, 1831
List the prime factors of 211868411.
19, 73, 152753
List the prime factors of 927261479.
233, 3979663
List the prime factors of 19128660.
2, 3, 5, 318811
List the prime factors of 864910183.
223, 3878521
What are the prime factors of 2298475?
5, 91939
List the prime factors of 14448665.
5, 7, 11, 37529
What are the prime factors of 983459361?
3, 19, 53, 325541
What are the prime factors of 5826322635?
3, 5, 7, 55488787
List the prime factors of 1390726434.
2, 3, 61, 3799799
What are the prime factors of 545595824?
2, 17, 617, 3251
List the prime factors of 105139615.
5, 7, 149, 20161
List the prime factors of 4111088463.
3, 19, 37, 649769
List the prime factors of 94067878.
2, 47033939
What are the prime factors of 1529402429?
3527, 433627
List the prime factors of 776557191.
3, 2213, 116969
List the prime factors of 76513550.
2, 5, 83, 103, 179
What are the prime factors of 1261191959?
23, 54834433
List the prime factors of 1818341077.
7, 101, 2571911
What are the prime factors of 956076192?
2, 3, 17, 195277
List the prime factors of 420428473.
41, 10254353
List the prime factors of 32475306.
2, 3, 5412551
What are the prime factors of 61272055?
5, 13, 19, 49613
What are the prime factors of 927076064?
2, 28971127
What are the prime factors of 36738411?
3, 17, 720361
List the prime factors of 22079353.
29, 761357
List the prime factors of 300911165.
5, 60182233
What are the prime factors of 22750371?
3, 7, 109, 3313
List the prime factors of 874738869.
3, 291579623
List the prime factors of 19447880.
2, 5, 23, 21139
List the prime factors of 19685362.
2, 241, 40841
List the prime factors of 1673596358.
2, 7, 37, 3230881
What are the prime factors of 270799024?
2, 107, 367, 431
List the prime factors of 43160032.
2, 991, 1361
What are the prime factors of 766372634?
2, 1039, 368803
List the prime factors of 46119525.
3, 5, 614927
List the prime factors of 24296628.
2, 3, 883, 2293
List the prime factors of 600663308.
2, 7, 23, 67, 13921
What are the prime factors of 128261588?
2, 7, 13,